en 23 is divided by v(m)?
10
Suppose 3*l + 15*l = 1908. Let k = 62 - -26. Let c = l - k. Calculate the remainder when c is divided by 10.
8
Suppose -4684 - 1426 = 10*u. Let f = u + 1042. What is the remainder when f is divided by 31?
28
Let g(k) = 2*k**2 - 8*k - 19. Let n be 6 - 8*(-2 - -3). Calculate the remainder when g(n) is divided by 1.
0
Suppose 7*w = 2*w, 2*n - 3*w - 128 = 0. Calculate the remainder when (0 + -75)*(-2)/6 is divided by 212/n*4 - 1/4.
12
Let s = 9300 + -9297. What is the remainder when 2662 is divided by s?
1
Let u be -1 + -2 - (-196)/(-7). Let l = -43 - u. Let p(f) = -f + 19. What is the remainder when p(l) is divided by 11?
9
Let u = 47 + -74. Let l be 114*(-9)/(u/2). Let f = 171 - l. What is the remainder when f is divided by 16?
15
Suppose c - 3*p + 281 = -41, c + 326 = 2*p. Let u = c + 395. What is the remainder when 293 is divided by u?
49
Let g be (-7)/7 + 1/1. Suppose g = 3*r + 43 - 217. Let w = 603 - 591. What is the remainder when r is divided by w?
10
Let w(k) = -914*k + 3715. Suppose -a - 2 = 4*p + 2, 12 = -3*p. What is the remainder when w(4) is divided by a?
11
Suppose 5742*t = 5746*t - 488. What is the remainder when 594 is divided by t?
106
Let v(i) = -i**3 - 6*i**2 - 4*i - 2. Let z be v(-4). Suppose -54*a = -741*a + 13740. Calculate the remainder when a is divided by 4/z - 404/(-36).
9
Suppose 0 = 8*r - 13*r + 1080. Let c = -59 + r. Suppose -c = -9*u + 149. What is the remainder when u is divided by 6?
4
Let c(x) = -x**2 + 28*x - 175. Suppose -5*t = -76 + 6. Calculate the remainder when c(t) is divided by 15.
6
Let g = -182 - -190. What is the remainder when 100 is divided by 12/g*(1 - 3) + 56?
47
Suppose 5*c - 654 = -2*d, 0 = -5*c - 3*d + 167 + 484. What is the remainder when 1187 is divided by c?
131
Suppose 2*i = 155 - 25. Let a = i + -91. Let g = a + 30. Calculate the remainder when 8 is divided by g.
0
Let l = -379 + 461. What is the remainder when l is divided by 15?
7
Suppose -390*o = -373*o - 19839. Calculate the remainder when o is divided by 106.
1
Let b(l) = 191*l + 2373. Calculate the remainder when 3075 is divided by b(-12).
78
Suppose -4*w = n - 136, -3*w - 2*n + 215 = 113. What is the remainder when 947 is divided by w?
29
Suppose -2*v + 163 + 27 = 0. Let m = v - -1. What is the remainder when m is divided by (20/(-15))/(2/(-30))?
16
Let h(t) = 458*t**2 - 5*t + 2. Let l be h(2). Suppose -l = -10*p - 274. Calculate the remainder when p is divided by 32.
27
Suppose 4*q = -q + c - 3, -q - 4*c + 12 = 0. Let k be (-152)/(-4) + -1 - (2 + q). Suppose k = 24*j - 19*j. Calculate the remainder when 11 is divided by j.
4
Let q be (-27)/(-9) + 1*200. Let r = q - 137. What is the remainder when r is divided by 10?
6
Let i = 44 + -13. Suppose 19 = -t + i. Suppose -z + 29 = 3*m - 46, -z - 2*m + 77 = 0. What is the remainder when z is divided by t?
9
Let f = -9603 - -9793. Calculate the remainder when 423 is divided by f.
43
Suppose -3*u = -2*u + 4*t - 28, -5*t - 17 = -2*u. Suppose 0 = 4*h - u, 2*k + 5*h - 128 + 0 = 0. What is the remainder when 916 is divided by k?
52
Let b = -193 - -18. Let x = 184 + b. Let p(u) = 3*u**2 - 5*u - 3. What is the remainder when p(4) is divided by x?
7
Suppose 0 = -0*f - f + 3*q + 12, f - 5*q = 12. Suppose -2*i - 1 = m - f, 3*m = -i + 58. Let z(n) = -7*n - 2. Calculate the remainder when m is divided by z(-2).
9
Let k be (10 + -6)*(-1 + 5). Let p = -3 - -11. Calculate the remainder when 1/4 - ((-1148)/k - 7) is divided by p.
7
Suppose 10*b - 3600 = -14*b. Suppose -7*t + b = 8*t. What is the remainder when t is divided by 7?
3
Let l(v) = -9*v - 100. Let k be l(-13). Suppose 0 = -6*t + 149 - k. What is the remainder when 37 is divided by t?
15
Let f = 319 + -408. Let g = f - -108. Calculate the remainder when 43 is divided by g.
5
Let s = -189210 + 189332. Calculate the remainder when s is divided by (-2)/(-2 - 57/(-29)).
6
Suppose -1660 = -2*r + 2*n, -36*r + 5*n + 2502 = -33*r. Calculate the remainder when r is divided by 68.
8
Let c(k) = -2*k**3 - 6*k**2 + 4*k - 7. What is the remainder when c(-5) is divided by 18 + (8 - ((1 - -7) + (79 - 81)))?
13
Let m = -6057 + 6123. Calculate the remainder when m is divided by 23.
20
Let t(o) = 2*o**2 + 162*o + 774. Calculate the remainder when t(-100) is divided by 42.
38
Suppose 0 = z + 3*s - 304, 16*z = 14*z - 2*s + 604. Calculate the remainder when z is divided by 12.
1
Suppose -5*q = -24 + 249. Let i = -43 - q. Suppose -f + 2*f + 67 = i*a, -2*f = 4*a - 122. Calculate the remainder when a is divided by 17.
15
Let b = -482 - -487. Let v(d) = 13*d - 57. Calculate the remainder when 28 is divided by v(b).
4
Let q(v) = 2*v**3 - 5*v**2 - v - 2. Let t(b) = -2*b**2 - 55*b - 56. Calculate the remainder when q(4) is divided by t(-26).
20
Let m = -4152 + 4155. What is the remainder when 59 is divided by m?
2
Let i = -1315 - -1326. What is the remainder when 185 is divided by i?
9
Let p(n) = 67*n**2 - 14*n + 95. What is the remainder when p(7) is divided by 67?
64
Let g(o) = 2 - 5*o - 3 + o. Let u(c) = 4*c**2 + 224*c + 310. Calculate the remainder when u(-55) is divided by g(-6).
21
Suppose 9 + 14 = c - 2*s, c - s - 23 = 0. What is the remainder when c is divided by (-24*(-27)/180)/((-3)/(-10))?
11
Let c = -3242 - -3332. What is the remainder when 348 is divided by c?
78
Let n = 48 + -45. Suppose u + n = 2. What is the remainder when 8 is divided by (u - -3) + (-3)/(-3)?
2
Suppose -3*c = -6 - 27. Let a(j) = -478*j - 7614. What is the remainder when a(-16) is divided by c?
1
Let w = -24017 - -24544. Calculate the remainder when w is divided by 10.
7
Let v be ((-64)/(-28))/((-6)/(-21)). What is the remainder when 63 is divided by 5 + (3/v - (-2235)/120)?
15
Let t = -159694 - -159732. What is the remainder when t is divided by (36/16)/(6/80)?
8
Suppose -5604 = 6*s - s - 8*s. What is the remainder when s is divided by 1852?
16
Suppose 19*v - 14*v - 5*j - 3035 = 0, 2*j - 4846 = -8*v. Calculate the remainder when v is divided by 167.
105
Let o(a) = 23*a**3 - 2*a + 1. Calculate the remainder when (-2312)/(-136) - -43*2 is divided by o(1).
15
Suppose 133*j - 132*j = 503*j - 377504. What is the remainder when j is divided by 277?
198
Let u be -4 + 330/(5/(-1)). Let q = u - -140. Let j = q + -9. What is the remainder when j is divided by 16?
13
Let y = -29 - -76. Calculate the remainder when y is divided by -12 + -15 + 26 + 7.
5
Suppose -2088 = -6*t - 6*t. Suppose -63 + t = 3*m. What is the remainder when m is divided by 21?
16
Let r = -11818 + 14255. What is the remainder when r is divided by 15?
7
Let i(u) = -4*u - 3. Calculate the remainder when (-2)/4*((-434 - -40) + -8) is divided by i(-8).
27
Let y = -144 - 50. Let h = 206 + y. What is the remainder when 26 is divided by h?
2
What is the remainder when 1017 is divided by 14 + (-23)/((-368)/160)?
9
Let v(s) = -4*s**2 + 7*s - 150. Let g be v(9). Let q = 502 + g. What is the remainder when q is divided by 49?
42
Suppose 8*v = 3947 - 3027. What is the remainder when 239 is divided by v?
9
Let m = -352 + 493. Suppose p = -5*l + 185, -l - 12 + 43 = -p. Calculate the remainder when m is divided by l.
33
Let t be (-106)/(-4) + 3/6. Let v = t + -19. Calculate the remainder when 37335/2751 - (-6)/14 is divided by v.
6
What is the remainder when (-109)/((-218)/(-2145))*(-10)/3 is divided by 3549?
26
Suppose 82*j - 8427 - 2018 = 543. Let o = 2 + -10. Calculate the remainder when j is divided by (-4)/o + 134/4.
32
Let n = -581 - -597. Let t(b) = 14*b - 29. Calculate the remainder when t(n) is divided by (-1 + 0)/(-1)*33.
30
Let n(k) = 286*k + 2747. What is the remainder when n(-9) is divided by 75?
23
Suppose 8*u - 92 = 4*u. Let j(o) = -2*o**2 + 16*o + 12. Suppose -8 = 136*a - 137*a. Calculate the remainder when u is divided by j(a).
11
Let l = -15691 + 17608. Calculate the remainder when l is divided by 8.
5
Suppose 4*b + 0 = m + 7, 1 = -2*b + 5*m. Let q(p) = -8 + 0*p**2 - 2*p**2 + p + 2*p**b + p**2. Calculate the remainder when 32 is divided by q(4).
8
Let s(p) = p**3 - 3*p**2 - 6*p - 6. Suppose -a - 2*l = -287, 608*a - 612*a = 4*l - 1132. Calculate the remainder when a is divided by s(5).
13
Suppose -w = 3*z - 2, 5*z = -w - 17 + 23. Suppose -4*c - 3*k + z*k = -426, -4*c - 5*k = -418. What is the remaind